[INFO] cloning repository https://github.com/psFried/roman-numerals-rust
[INFO] running `Command { std: "git" "-c" "credential.helper=" "-c" "credential.helper=/workspace/cargo-home/bin/git-credential-null" "clone" "--bare" "https://github.com/psFried/roman-numerals-rust" "/workspace/cache/git-repos/https%3A%2F%2Fgithub.com%2FpsFried%2Froman-numerals-rust", kill_on_drop: false }`
[INFO] [stderr] Cloning into bare repository '/workspace/cache/git-repos/https%3A%2F%2Fgithub.com%2FpsFried%2Froman-numerals-rust'...
[INFO] running `Command { std: "git" "rev-parse" "HEAD", kill_on_drop: false }`
[INFO] [stdout] a5eb19ba0468ee970bf2118998631a74df84ab43
[INFO] checking psFried/roman-numerals-rust against master#af3c6e733a40e671550e0f0f5aeecaa13772ba56 for pr-74989
[INFO] running `Command { std: "git" "clone" "/workspace/cache/git-repos/https%3A%2F%2Fgithub.com%2FpsFried%2Froman-numerals-rust" "/workspace/builds/worker-2/source", kill_on_drop: false }`
[INFO] [stderr] Cloning into '/workspace/builds/worker-2/source'...
[INFO] [stderr] done.
[INFO] validating manifest of git repo https://github.com/psFried/roman-numerals-rust on toolchain af3c6e733a40e671550e0f0f5aeecaa13772ba56
[INFO] running `Command { std: "/workspace/cargo-home/bin/cargo" "+af3c6e733a40e671550e0f0f5aeecaa13772ba56" "read-manifest" "--manifest-path" "Cargo.toml", kill_on_drop: false }`
[INFO] started tweaking git repo https://github.com/psFried/roman-numerals-rust
[INFO] finished tweaking git repo https://github.com/psFried/roman-numerals-rust
[INFO] tweaked toml for git repo https://github.com/psFried/roman-numerals-rust written to /workspace/builds/worker-2/source/Cargo.toml
[INFO] crate git repo https://github.com/psFried/roman-numerals-rust already has a lockfile, it will not be regenerated
[INFO] running `Command { std: "/workspace/cargo-home/bin/cargo" "+af3c6e733a40e671550e0f0f5aeecaa13772ba56" "fetch" "--locked" "--manifest-path" "Cargo.toml", kill_on_drop: false }`
[INFO] running `Command { std: "docker" "create" "-v" "/var/lib/crater-agent-workspace/builds/worker-2/target:/opt/rustwide/target:rw,Z" "-v" "/var/lib/crater-agent-workspace/builds/worker-2/source:/opt/rustwide/workdir:ro,Z" "-v" "/var/lib/crater-agent-workspace/cargo-home:/opt/rustwide/cargo-home:ro,Z" "-v" "/var/lib/crater-agent-workspace/rustup-home:/opt/rustwide/rustup-home:ro,Z" "-e" "SOURCE_DIR=/opt/rustwide/workdir" "-e" "CARGO_TARGET_DIR=/opt/rustwide/target" "-e" "CARGO_HOME=/opt/rustwide/cargo-home" "-e" "RUSTUP_HOME=/opt/rustwide/rustup-home" "-w" "/opt/rustwide/workdir" "-m" "1610612736" "--user" "0:0" "--network" "none" "rustops/crates-build-env@sha256:d92eaeed33fa75130ca1ee6c8a01d1ffb62bac859dfdfb3450e3e5d1c0146529" "/opt/rustwide/cargo-home/bin/cargo" "+af3c6e733a40e671550e0f0f5aeecaa13772ba56" "metadata" "--no-deps" "--format-version=1", kill_on_drop: false }`
[INFO] [stderr] WARNING: Your kernel does not support swap limit capabilities or the cgroup is not mounted. Memory limited without swap.
[INFO] [stdout] 97078c9e8f799a55051e8324c15019e8d8d5889f67a2053944daac6d9077827a
[INFO] running `Command { std: "docker" "start" "-a" "97078c9e8f799a55051e8324c15019e8d8d5889f67a2053944daac6d9077827a", kill_on_drop: false }`
[INFO] running `Command { std: "docker" "inspect" "97078c9e8f799a55051e8324c15019e8d8d5889f67a2053944daac6d9077827a", kill_on_drop: false }`
[INFO] running `Command { std: "docker" "rm" "-f" "97078c9e8f799a55051e8324c15019e8d8d5889f67a2053944daac6d9077827a", kill_on_drop: false }`
[INFO] [stdout] 97078c9e8f799a55051e8324c15019e8d8d5889f67a2053944daac6d9077827a
[INFO] running `Command { std: "docker" "create" "-v" "/var/lib/crater-agent-workspace/builds/worker-2/target:/opt/rustwide/target:rw,Z" "-v" "/var/lib/crater-agent-workspace/builds/worker-2/source:/opt/rustwide/workdir:ro,Z" "-v" "/var/lib/crater-agent-workspace/cargo-home:/opt/rustwide/cargo-home:ro,Z" "-v" "/var/lib/crater-agent-workspace/rustup-home:/opt/rustwide/rustup-home:ro,Z" "-e" "SOURCE_DIR=/opt/rustwide/workdir" "-e" "CARGO_TARGET_DIR=/opt/rustwide/target" "-e" "CARGO_INCREMENTAL=0" "-e" "RUST_BACKTRACE=full" "-e" "RUSTFLAGS=--cap-lints=forbid" "-e" "CARGO_HOME=/opt/rustwide/cargo-home" "-e" "RUSTUP_HOME=/opt/rustwide/rustup-home" "-w" "/opt/rustwide/workdir" "-m" "1610612736" "--user" "0:0" "--network" "none" "rustops/crates-build-env@sha256:d92eaeed33fa75130ca1ee6c8a01d1ffb62bac859dfdfb3450e3e5d1c0146529" "/opt/rustwide/cargo-home/bin/cargo" "+af3c6e733a40e671550e0f0f5aeecaa13772ba56" "check" "--frozen" "--all" "--all-targets" "--message-format=json", kill_on_drop: false }`
[INFO] [stdout] 62fabbcb6e1fce9ebbe7baa09390e0b44b94c3fbf4f7d219de5de1cc5aa1700d
[INFO] [stderr] WARNING: Your kernel does not support swap limit capabilities or the cgroup is not mounted. Memory limited without swap.
[INFO] running `Command { std: "docker" "start" "-a" "62fabbcb6e1fce9ebbe7baa09390e0b44b94c3fbf4f7d219de5de1cc5aa1700d", kill_on_drop: false }`
[INFO] [stderr]     Blocking waiting for file lock on package cache
[INFO] [stderr]     Checking roman v0.0.1 (/opt/rustwide/workdir)
[INFO] [stdout] error[E0432]: unresolved import `std::slice::SliceConcatExt`
[INFO] [stdout]  --> src/main.rs:5:5
[INFO] [stdout]   |
[INFO] [stdout] 5 | use std::slice::SliceConcatExt;
[INFO] [stdout]   |     ^^^^^^^^^^^^^^^^^^^^^^^^^^ no `SliceConcatExt` in `slice`
[INFO] [stdout] 
[INFO] [stdout] 
[INFO] [stdout] error[E0425]: cannot find function `set_exit_status` in module `std::env`
[INFO] [stdout]   --> src/main.rs:27:15
[INFO] [stdout]    |
[INFO] [stdout] 27 |     std::env::set_exit_status(1);
[INFO] [stdout]    |               ^^^^^^^^^^^^^^^ not found in `std::env`
[INFO] [stdout] 
[INFO] [stdout] 
[INFO] [stdout] error: aborting due to 2 previous errors
[INFO] [stdout] 
[INFO] [stdout] 
[INFO] [stdout] Some errors have detailed explanations: E0425, E0432.
[INFO] [stdout] 
[INFO] [stdout] For more information about an error, try `rustc --explain E0425`.
[INFO] [stdout] 
[INFO] [stdout] error[E0432]: unresolved import `std::slice::SliceConcatExt`
[INFO] [stdout]  --> src/main.rs:5:5
[INFO] [stdout]   |
[INFO] [stdout] 5 | use std::slice::SliceConcatExt;
[INFO] [stdout]   |     ^^^^^^^^^^^^^^^^^^^^^^^^^^ no `SliceConcatExt` in `slice`
[INFO] [stdout] 
[INFO] [stdout] 
[INFO] [stdout] error[E0425]: cannot find function `set_exit_status` in module `std::env`
[INFO] [stdout]   --> src/main.rs:27:15
[INFO] [stdout]    |
[INFO] [stdout] 27 |     std::env::set_exit_status(1);
[INFO] [stdout]    |               ^^^^^^^^^^^^^^^ not found in `std::env`
[INFO] [stdout] 
[INFO] [stdout] 
[INFO] [stderr] error: could not compile `roman`.
[INFO] [stderr] 
[INFO] [stderr] To learn more, run the command again with --verbose.
[INFO] [stderr] warning: build failed, waiting for other jobs to finish...
[INFO] [stdout] error: aborting due to 2 previous errors
[INFO] [stdout] 
[INFO] [stdout] 
[INFO] [stdout] Some errors have detailed explanations: E0425, E0432.
[INFO] [stdout] 
[INFO] [stdout] For more information about an error, try `rustc --explain E0425`.
[INFO] [stdout] 
[INFO] [stderr] error: build failed
[INFO] running `Command { std: "docker" "inspect" "62fabbcb6e1fce9ebbe7baa09390e0b44b94c3fbf4f7d219de5de1cc5aa1700d", kill_on_drop: false }`
[INFO] running `Command { std: "docker" "rm" "-f" "62fabbcb6e1fce9ebbe7baa09390e0b44b94c3fbf4f7d219de5de1cc5aa1700d", kill_on_drop: false }`
[INFO] [stdout] 62fabbcb6e1fce9ebbe7baa09390e0b44b94c3fbf4f7d219de5de1cc5aa1700d
